 the greatest common factor of m and 15?
15
Let l(h) be the third derivative of 13*h**4/12 + 12*h**2. Let q be l(1). Let f = 250 - 68. What is the greatest common factor of f and q?
26
Let y(w) = -w**3 - 4*w**2 + 2*w - 1. Let q be y(-5). Suppose p - 5 = 0, 4*t - 62 = -5*p - 9. Calculate the highest common divisor of t and q.
7
Suppose 3*v = 5*j - 951, -j - 5*v + 18 = -189. What is the greatest common divisor of j and 24?
24
Let a be 22/7 - 6/42. What is the highest common factor of a and 3?
3
Let y = 135 - 129. Calculate the highest common divisor of 18 and y.
6
Let a = 0 + 4. Suppose -3*t + 14 = 3*d - 10, -a = d. Suppose 9 = 3*m - t. What is the greatest common factor of m and 7?
7
Let q = 16 + 8. Let d = 20 - 10. Let h = q - d. Calculate the greatest common factor of h and 56.
14
Let p(y) = -y**3 - 9*y**2 + 11*y + 2. Let u = 13 + -23. Let t be p(u). Let b = -1 - t. Calculate the greatest common factor of b and 28.
7
Suppose 2*d - 5*b - 7 = 0, d + 4*b = b - 2. Let t be 9/((-10)/(-4) - d). Let n be 292/t - 8/12. Calculate the greatest common divisor of 6 and n.
6
Let r(c) = -c**2 - 7*c + 3. Let w be r(-6). Calculate the greatest common divisor of w and 9.
9
Let j be -16*-6*(-3)/(-12). Suppose 3*c - 2*p = 11, 4 = 2*c + 3*p + 1. What is the highest common divisor of j and c?
3
Let v(r) = r**2 + 6*r - 2. Let l be v(-7). Suppose 26 = l*p + 3*b - 1, -15 = -p - 3*b. Suppose -k + p*k = 16. Calculate the greatest common divisor of k and 32.
8
Suppose 3*o - 4 = 2. Let c be o/(-6)*-1*9. Suppose 6 = c*w - 6. What is the greatest common factor of 44 and w?
4
Let q be (1 - -3) + 1 - -3. Calculate the highest common factor of q and 64.
8
Let j be -1 + 0 - (-8 + 2). Suppose -h - 245 = -8*h. Calculate the highest common divisor of j and h.
5
Let j(x) = -x**2 - x + 20. Let b be j(0). Suppose 3 = 3*g, 0 = -2*l - 3*l + 4*g + 246. What is the highest common divisor of b and l?
10
Let m(v) = v**2 - 5*v + 3. Let f be m(5). Let g be (-3)/(f - (-534)/(-176)). Let l = 23 + -1. Calculate the greatest common factor of g and l.
22
Let z be (3/2)/(5/(-10)). Let y be z/2 + (-615)/(-6). Suppose 12 = 3*x, 4*f = 4*x + y + 491. What is the greatest common divisor of f and 19?
19
Let y(n) = -n**3 - 6*n**2 + n - 7. Let q be y(-7). Suppose -2*t - 5*u - 1 = -4, 60 = 5*t + 2*u. Calculate the highest common factor of t and q.
7
Let q = -10 + 17. What is the greatest common factor of q and 35?
7
Let c(n) = 10*n + 1. Let z be c(-1). Let b be -1 - (1 + z) - -3. Calculate the highest common factor of 70 and b.
10
Let v = 30 + -46. Let j = v + 26. Calculate the highest common factor of j and 10.
10
Let d(i) = i**2 - 4*i + 7. Let q be d(5). Suppose -5*r + 3*w = -315, 4*w + 15 = w. Calculate the highest common divisor of r and q.
12
Suppose -3 = -k, -3*k + 9 = -t + k. Let p = 39 + t. Calculate the greatest common divisor of p and 21.
21
Let c = 1702 + -420. Suppose 0 = -2*b - 10, 0*t - c = -3*t + 2*b. Suppose -2*y + 334 = y + f, -t = -4*y + 4*f. Calculate the highest common factor of y and 10.
10
Let h = -23 + 116. Calculate the greatest common divisor of h and 62.
31
Let v = 0 + -2. Let p be 2/1 + (v - -59). Suppose -2*a + p = 5*b, 2*a = -4*b - 2*a + 40. Calculate the greatest common divisor of b and 52.
13
Let k = -68 + 22. Let p be (k + 1)*8/(-20). Calculate the highest common factor of 2 and p.
2
Suppose 19 + 35 = 3*v. Suppose b - v = -4*t + t, 0 = 2*b + 4*t - 30. Calculate the highest common factor of b and 54.
9
Let d(j) = -21*j - 6. Let q be d(-1). What is the highest common factor of 12 and q?
3
Suppose 0 = a + 2*s - 6, -s - 6 = 2*s. What is the highest common divisor of 2 and a?
2
Let y(u) = -5*u**3 - u**2 + u. Let g be y(1). Let t = -12 + 27. Let v be 2/g - (-1626)/t. What is the highest common factor of v and 12?
12
Let u(d) = -3*d**3 - d**2 - d + 4. Let h be u(4). Let i = h - -108. Let b = 204 + i. Calculate the greatest common factor of 13 and b.
13
Suppose -10 = -4*h + 50. Calculate the greatest common divisor of 9 and h.
3
Let o be 3/(-9) + (-8)/(-6). Let s be 6*(0 + (-1)/(-3)). Suppose r + 19 = 5*p, p + r = s*r + 7. Calculate the greatest common divisor of p and o.
1
Suppose 2*i - 19 = -7*l + 4*l, -6 = -l - i. Calculate the highest common divisor of 63 and l.
7
Let l be 6/8*-2*-20. Let s be 2/(-6) + 145/3. Let i = s + -33. What is the highest common factor of i and l?
15
Suppose -3*m + 46 = 5*w, 0 = -3*m + 5*m + 2*w - 24. What is the highest common divisor of m and 56?
7
Let k(d) = -d**2 + 12*d - 7. Let h be k(9). Let q = h - 19. What is the highest common factor of 11 and q?
1
Let q(o) = 32*o - 2. Let a be q(4). Suppose a = 5*b - 2*d, 0*d - 66 = -3*b - 2*d. What is the greatest common factor of 16 and b?
8
Let r be (17/(-51))/(2/(-36)). Let b = 0 + r. What is the greatest common factor of b and 3?
3
Suppose 5 + 10 = -5*a. Let w be (-6)/4 + 4 + (-17)/2. Let z be (9/w)/a*18. What is the greatest common factor of z and 99?
9
Let n be (-1 + 2 - -1) + -1. Suppose 0 - n = -y. Suppose -2*l = -l - 2. What is the highest common divisor of l and y?
1
Let w be (9 - 13)/(2/(-3)). Calculate the highest common divisor of w and 54.
6
Let p(s) = 8*s**2 - 14*s - 4. Let m be p(-4). What is the highest common divisor of 20 and m?
20
Suppose 0 = -6*p + 4*p + 26. Calculate the greatest common factor of 65 and p.
13
Let y = -26 + 191. Let c(p) = -3*p - 12. Let g be c(-15). What is the greatest common divisor of y and g?
33
Suppose -4*x + 104 = -152. Calculate the greatest common divisor of x and 8.
8
Suppose -2*s + 0*a + 13 = 3*a, 0 = -a + 3. What is the greatest common factor of 2 and s?
2
Let v be 16/(-24) + 136/6. Suppose -2*t = 2*i - 328, -5*i = -3*t - 6*i + 492. Suppose 4*h + 32 = t. Calculate the greatest common divisor of h and v.
11
Let r = -3 - -5. Suppose 323 = 3*h + r*w - 168, -489 = -3*h - 3*w. Calculate the greatest common factor of h and 15.
15
Let i be (-1)/2*12/(-3). Suppose 3*t = -i*t + 20. Suppose -5*q + g = 2*g - 45, -12 = -4*q + t*g. Calculate the greatest common factor of q and 56.
8
Let t be 2 - ((-12)/3 + 2). Let g = 49 + -21. What is the highest common factor of g and t?
4
Let k(q) = -2*q + 5. Let l be k(-6). Suppose 3*x + 3*m - 99 = 0, -x + 4*m + 38 = -0*x. Calculate the greatest common factor of l and x.
17
Let m(g) = g**3 + 6*g**2 - 7*g + 3. Let w be m(-7). Calculate the highest common factor of 9 and w.
3
Let o be -2 - -1 - (6 + -9). Let k = o - 1. Let g be k/((-2)/6*-3). What is the greatest common factor of 9 and g?
1
Suppose -2*y + k + 155 = 0, -3*y - 4*k + 355 = 2*y. What is the highest common divisor of 30 and y?
15
Suppose -3*s + 2*z = -52, 3*s - 64 = z - 2*z. Calculate the greatest common divisor of s and 140.
20
Let a(q) = -q**2 - q + 6. Let t be a(0). Let y(g) = g**3 + g**2 - g + 2. Let d be y(0). What is the highest common factor of t and d?
2
Suppose 3*h + u = -h + 11, 0 = -4*h - 3*u + 9. Let w be 0 - h - (-44)/2. What is the greatest common factor of 152 and w?
19
Suppose 25 = 6*a - 5*a. Calculate the highest common factor of 5 and a.
5
Let c(n) = -n + 19. Let z be c(16). What is the greatest common factor of z and 3?
3
Let n(f) = 3*f**2 - 13*f - 18. Let i be n(13). Calculate the greatest common divisor of 20 and i.
20
Let d be 1/8 - 322/(-112). Calculate the greatest common factor of 3 and d.
3
Let a = 1 + -1. Let p = a - -4. Suppose -2*n = -p*n + 440. Calculate the greatest common factor of n and 22.
22
Let x = -2 + 3. Let v be (-14 + 12)*(-1 + -1). What is the highest common factor of v and x?
1
Suppose -3 + 19 = -4*f. Let o = -2 - f. Let d be ((-63)/28)/(6/(-16)). Calculate the highest common factor of d and o.
2
Let z = 25 + -17. Let k(b) = b**3 + 5*b**2 - 5*b - 1. Let c be k(-5). Calculate the greatest common divisor of c and z.
8
Suppose 3*z = z, -4*z - 60 = -5*f. Suppose 8 = 2*j - 0*j. Calculate the highest common divisor of f and j.
4
Let i(k) = k**3 - 5*k**2. Let j be i(4). Let t = -10 - j. Calculate the highest common divisor of 2 and t.
2
Suppose 84 = 3*l - 0*l. Let c be -1 - (-10 - -2*1). Calculate the highest common divisor of l and c.
7
Let p = 11 - 6. Suppose -5*q = -13 - 212. What is the greatest common divisor of q and p?
5
Suppose 0 = -0*h - 5*h + 425. Let r(v) = v**2 - 2*v - 2. Let t be r(-2). Let f be (-3)/(t/(-2)) - -33. Calcula